What is the greatest common factor of 48 and 120?
24
Calculate the highest common divisor of 550 and 374.
22
Calculate the greatest common divisor of 392 and 882.
98
What is the greatest common divisor of 20 and 320?
20
Calculate the greatest common divisor of 49 and 63.
7
Calculate the greatest common divisor of 320 and 260.
20
What is the greatest common factor of 858 and 198?
66
What is the greatest common divisor of 10 and 45?
5
What is the highest common divisor of 2750 and 110?
110
What is the highest common factor of 44 and 5632?
44
What is the highest common divisor of 155 and 186?
31
What is the highest common factor of 43 and 817?
43
What is the highest common divisor of 20496 and 36?
12
Calculate the greatest common divisor of 176 and 11.
11
What is the highest common divisor of 840 and 20?
20
What is the highest common factor of 430 and 6?
2
What is the greatest common divisor of 186 and 15?
3
Calculate the greatest common factor of 132 and 44.
44
What is the highest common divisor of 4 and 1?
1
What is the highest common factor of 220 and 940?
20
What is the highest common factor of 520 and 65?
65
Calculate the greatest common divisor of 305 and 45.
5
Calculate the greatest common divisor of 12648 and 68.
68
Calculate the greatest common divisor of 20 and 1220.
20
Calculate the greatest common divisor of 15 and 735.
15
What is the greatest common factor of 40 and 10760?
40
Calculate the greatest common divisor of 315 and 120.
15
Calculate the greatest common divisor of 119 and 14.
7
What is the highest common divisor of 312 and 24?
24
Calculate the highest common factor of 42 and 1596.
42
Calculate the highest common factor of 60 and 111.
3
What is the highest common factor of 56 and 4368?
56
What is the greatest common divisor of 52 and 403?
13
Calculate the greatest common divisor of 10 and 490.
10
Calculate the greatest common divisor of 15 and 50.
5
What is the greatest common factor of 5 and 1585?
5
Calculate the greatest common factor of 1349 and 71.
71
What is the highest common divisor of 272 and 34?
34
What is the greatest common divisor of 430 and 2494?
86
Calculate the greatest common factor of 43 and 86.
43
Calculate the greatest common divisor of 99 and 972.
9
What is the highest common factor of 128 and 48?
16
What is the highest common divisor of 13780 and 265?
265
What is the greatest common divisor of 250 and 30?
10
Calculate the highest common divisor of 12806 and 76.
38
What is the greatest common divisor of 72 and 2844?
36
What is the greatest common divisor of 1159 and 61?
61
What is the highest common divisor of 3828 and 6960?
348
Calculate the highest common divisor of 96 and 2952.
24
What is the greatest common factor of 925 and 296?
37
What is the highest common factor of 240 and 15?
15
What is the highest common factor of 1715 and 140?
35
What is the highest common factor of 2304 and 112?
16
Calculate the greatest common divisor of 3 and 1831.
1
Calculate the highest common divisor of 915 and 45.
15
What is the greatest common divisor of 750 and 5?
5
What is the highest common factor of 22 and 8?
2
What is the highest common factor of 558 and 62?
62
What is the greatest common factor of 54 and 3456?
54
What is the greatest common divisor of 20 and 24300?
20
What is the greatest common factor of 153 and 39?
3
Calculate the greatest common divisor of 856 and 1819.
107
What is the highest common factor of 15609 and 129?
129
Calculate the greatest common factor of 1513 and 979.
89
Calculate the greatest common factor of 35 and 7.
7
What is the highest common divisor of 76855 and 95?
95
Calculate the highest common factor of 48 and 168.
24
What is the greatest common factor of 2191 and 6260?
313
Calculate the greatest common divisor of 198 and 374.
22
What is the highest common factor of 749 and 7?
7
What is the highest common factor of 2 and 1346?
2
What is the greatest common divisor of 3071 and 3154?
83
Calculate the greatest common divisor of 89 and 1513.
89
What is the highest common factor of 665 and 21?
7
Calculate the greatest common factor of 13170 and 120.
30
Calculate the greatest common divisor of 183 and 488.
61
What is the highest common divisor of 340 and 68?
68
Calculate the highest common divisor of 27 and 459.
27
What is the highest common divisor of 282 and 15933?
141
What is the greatest common factor of 19 and 2?
1
What is the highest common factor of 128 and 248?
8
Calculate the greatest common factor of 40 and 3390.
10
Calculate the highest common factor of 42 and 378.
42
What is the greatest common factor of 492 and 4100?
164
What is the highest common factor of 21 and 147?
21
Calculate the highest common factor of 59 and 1.
1
What is the greatest common divisor of 2513 and 7?
7
Calculate the highest common factor of 4 and 30.
2
What is the highest common divisor of 10 and 2170?
10
Calculate the greatest common divisor of 24 and 4776.
24
Calculate the greatest common factor of 279 and 1333.
31
What is the highest common divisor of 1377 and 187?
17
What is the highest common factor of 648 and 891?
81
What is the greatest common divisor of 90 and 66?
6
Calculate the greatest common factor of 3627 and 1395.
279
What is the highest common factor of 80 and 208?
16
Calculate the greatest common factor of 6 and 6.
6
What is the highest common divisor of 4489 and 469?
67
What is the greatest common factor of 24050 and 260?
130
What is the greatest common divisor of 1100 and 44?
44
What is the greatest common divisor of 6 and 16?
2
Calculate the highest common divisor of 102 and 1377.
51
What is the highest common factor of 11 and 43?
1
What is the highest common factor of 5083 and 322?
23
What is the greatest common divisor of 2088 and 16?
8
What is the greatest common divisor of 27 and 54?
27
What is the highest common factor of 207 and 3?
3
What is the highest common factor of 112 and 62?
2
What is the highest common factor of 3729 and 55?
11
What is the highest common divisor of 286 and 234?
26
Calculate the greatest common divisor of 63 and 31.
1
Calculate the highest common factor of 695 and 6533.
139
Calculate the highest common factor of 878 and 8.
2
What is the highest common divisor of 9 and 1?
1
What is the highest common divisor of 5 and 2305?
5
Calculate the greatest common divisor of 445 and 20915.
445
Calculate the greatest common factor of 129 and 12.
3
Calculate the greatest common factor of 41 and 3403.
41
Calculate the greatest common divisor of 4624 and 16.
16
What is the greatest common divisor of 416 and 169?
13
Calculate the greatest common factor of 1359 and 81.
9
Calculate the greatest common factor of 114 and 2546.
38
What is the greatest common divisor of 53 and 212?
53
Calculate the highest common factor of 28 and 112.
28
Calculate the greatest common divisor of 288 and 1488.
48
What is the highest common divisor of 22 and 704?
22
Calculate the highest common factor of 22 and 66.
22
Calculate the highest common divisor of 125 and 50.
25
What is the greatest common factor of 20976 and 46?
46
What is the greatest common divisor of 185 and 592?
37
Calculate the greatest common factor of 20 and 1660.
20
What is the greatest common divisor of 90 and 3096?
18
What is the highest common divisor of 424 and 8639?
53
What is the highest common divisor of 473 and 33?
11
What is the greatest common divisor of 437 and 19?
19
Calculate the highest common divisor of 1800 and 990.
90
Calculate the greatest common divisor of 1334 and 348.
58
What is the highest common divisor of 39 and 21?
3
What is the highest common factor of 63 and 91?
7
Calculate the highest common factor of 45 and 60.
15
What is the highest common factor of 27 and 2106?
27
Calculate the highest common factor of 6 and 82.
2
What is the highest common divisor of 2167 and 22?
11
Calculate the highest common divisor of 3396 and 108.
12
Calculate the greatest common divisor of 5 and 25.
5
Calculate the greatest common divisor of 24 and 204.
12
What is the highest common factor of 3 and 61?
1
What is the highest common factor of 24 and 216?
24
What is the greatest common divisor of 7928 and 8?
8
Calculate the highest common divisor of 504 and 747.
9
Calculate the highest common divisor of 492 and 23288.
164
What i